factors of x?
2, 3
Let t(m) be the third derivative of -1/8*m**4 - 7/6*m**3 + 2*m**2 + 0 + 1/60*m**5 + 0*m. List the prime factors of t(5).
3
Suppose -22*s = -17*s - 255. What are the prime factors of s?
3, 17
Suppose 0 = -2*w + 7*w. Suppose w = 2*x - 7*x + 80. List the prime factors of ((-12)/x)/(1/(-16)).
2, 3
What are the prime factors of (24/5)/(3/30)?
2, 3
Let k be ((-15)/(-10))/(3/8). List the prime factors of (17 + 1)*2/k.
3
Let d(s) be the second derivative of s**4/8 - s**3/2 + s**2/2 + 3*s. Let g(f) be the first derivative of d(f). List the prime factors of g(3).
2, 3
Suppose -2*y + 68 = 8. Let d = 55 - y. Let b = 36 - d. List the prime factors of b.
11
Let u be (-15)/(-4) + (-1)/(-4). Let r(x) = -4 + x + 0*x + u. List the prime factors of r(5).
5
Let n = -200 + 286. List the prime factors of n.
2, 43
Suppose -5*s - 3 = -6*s. Suppose -4*m = -s*k - 82, -3*k + 5*k = -4*m + 72. List the prime factors of m.
19
Let p be -5 - (1 - 2)*-1. Let m(r) = -r**3 - 6*r**2 + 6. Let a be m(p). What are the prime factors of 1/(-3) + 80/a?
13
Let s be 1*(2 + -2) + 6. Let z(b) = -b + 10. What are the prime factors of z(s)?
2
Suppose u - 4*u + 60 = 0. Suppose 0 = 5*o - 5*j - 30, -3*j = 2*j - u. List the prime factors of (-28)/(-10) - (-2)/o.
3
Suppose -5*j + g + 2 = 0, -3*j = -7*j + g + 2. Suppose -3*h = -j*h - 6. Suppose 2 = h*s - 3*d - 11, -d = 3. List the prime factors of s.
2
Let p(l) = -7*l - 7. List the prime factors of p(-6).
5, 7
Let m = 218 - 48. What are the prime factors of m?
2, 5, 17
List the prime factors of 164*(5/(-4) - -2).
3, 41
Let d(t) = -t**3 - 2*t**2 + t - 4. Let y be d(-3). Suppose 3*l + 7 = -8, -l - 1 = -y*p. Let r = 4 + p. What are the prime factors of r?
2
Let h(z) be the second derivative of z**5/20 - z**3/6 + 5*z**2 - 2*z. Suppose -5*v - 5 = r, -4*v + 2*v = 5*r + 25. List the prime factors of h(v).
2, 5
Let l(t) = -2*t + 19. Let q be l(-15). Suppose 3*z - 12 = 0, 2*z = -3*w + z + q. What are the prime factors of w?
3, 5
Let v(u) = u**2 - 19*u + 14. What are the prime factors of v(21)?
2, 7
Suppose -f + 68 + 96 = -5*y, -3*y - 2*f = 101. Let j = y + 92. What are the prime factors of j?
59
Let f = -17 + 21. List the prime factors of ((-5)/f)/(7/(-280)).
2, 5
Suppose 0 = 4*l - 8, 5*r - 2*l - 8 = -l. What are the prime factors of (r + 0)/(4/24)?
2, 3
Let j(h) = 9*h**2 - h - 10. List the prime factors of j(3).
2, 17
Let u(n) = n**2 - 9*n - 13. Suppose 0 = 2*c + 6, -2*m + 6*c - 2*c = -34. Let b be u(m). Let q(t) = -t**3 + 9*t**2 + t - 6. List the prime factors of q(b).
3
Let x = -42 + 107. List the prime factors of x.
5, 13
Let x(w) = w**2 - 5*w + 7. Let a be x(5). Suppose -i + a + 0 = 0. What are the prime factors of i?
7
List the prime factors of (-13624)/(-40) + (-4)/(-10).
11, 31
Suppose -n + 4*c + 145 = -0*c, 3*n = -5*c + 452. List the prime factors of n.
149
Let s(m) be the second derivative of -m**4/12 - 5*m**3/3 - 5*m**2/2 - 2*m. List the prime factors of s(-7).
2
Let r(k) = -k**3 + 12*k**2 - 12*k + 14. Let p be r(11). Let w = p - -1. Suppose -4*t + 0*t + 56 = w*l, 3*t = -2*l + 43. What are the prime factors of t?
3, 5
Let n = 138 + -92. What are the prime factors of n?
2, 23
Let v(w) = -13*w**3 + 1. Let n be v(-1). List the prime factors of 5*3/(15/n).
2, 7
Suppose 4*d + 2*h - 7*h = 12, 0 = 4*h. Suppose d*z = -3 + 135. Suppose -z = k - 5*k. What are the prime factors of k?
11
Let a(s) = 4*s - 9. What are the prime factors of a(5)?
11
Suppose 4*z - 141 = 27. List the prime factors of z.
2, 3, 7
Suppose -b + 30 = -3*o, 5*b + 21 = -3*o - o. Let l = 17 + -2. Let n = l + o. List the prime factors of n.
2, 3
Suppose -3*y - 5*h = 2*y - 120, 2*y - h = 63. List the prime factors of y.
29
Let n be (-30)/(-4)*(-8)/(-12). Suppose -n*q + 2*q = -39. Suppose 3*v = 4*t - 32, -2*v - q = -t - 0. List the prime factors of t.
5
Suppose -5*d = 5*h, -5 = -4*h - 3*d - 3. Let r be h/(-4)*(-2 + -12). Let f = r - -1. List the prime factors of f.
2
Suppose -5*c + 0*c + 4*x = -92, -c - 4*x + 28 = 0. List the prime factors of c.
2, 5
List the prime factors of (-6)/15 - 688/(-20).
2, 17
Suppose -28 = -5*r - 3. Suppose 41 = r*a + 2*o - 3*o, 4*a - 27 = -5*o. What are the prime factors of a?
2
Suppose 0 = -a - 4*u + 23, a - 28 + 5 = -u. Suppose 3*o = p + a, -3*o + 17 = -o + p. Suppose -14 - o = -2*k. List the prime factors of k.
11
Let l = -14 - 8. Let a = 16 + l. List the prime factors of ((-1)/(-3))/((-1)/a).
2
Suppose -4*y + 2*y = -8. Suppose 0 = -0*h - h + 3*q - 15, 0 = -5*h + y*q - 20. Suppose h*f + 36 = 3*r - 4*f, 13 = r - f. List the prime factors of r.
2
Let f = 7 - 0. List the prime factors of f.
7
Let c be 2/3 - 124/6. List the prime factors of c/(-3)*(-54)/(-45).
2
What are the prime factors of (233/3 - 4)*3?
13, 17
Suppose v + 3*v - 62 = -5*a, 4*a = 5*v + 66. List the prime factors of a.
2, 7
Suppose -v + 4*v = 9. Suppose -v*g + 3 = -6. Suppose -g*u + 12 = -30. List the prime factors of u.
2, 7
List the prime factors of ((-38)/(-3))/((-4)/(-6)).
19
Let s be 3 - 1/2*34. Let n = -9 - s. List the prime factors of n.
5
Let w = 9 + -4. Let t = 8 - w. List the prime factors of t.
3
Let h be 6/8 + 9/4. Suppose -3*m + 33 = a - 0*a, 3*m - h*a - 33 = 0. List the prime factors of m.
11
Suppose -3 = -3*p + 15. Let u(h) = -h + 10. Let l be u(5). Suppose -p*q + l = -5*q. List the prime factors of q.
5
List the prime factors of (-258)/(-4) + (-9)/18.
2
Let m(d) be the third derivative of d**4/6 - 2*d**3/3 - 2*d**2. What are the prime factors of m(10)?
2, 3
Let m be (0 - -3) + 4/(-4). Let l be ((-40)/15)/(m/(-3)). Suppose -2*p - p = -l*a + 10, -a + 2*p = 0. What are the prime factors of a?
2
Let w(g) = -g**3 + 4*g**2 + 3. Let n be w(4). Suppose 0*t - t - 76 = -3*r, n*r = 5*t + 56. What are the prime factors of r?
3
List the prime factors of (-12)/(5 + 111/(-21)).
2, 3, 7
Let d = -3 - 1. List the prime factors of (2/4)/(d/(-48)).
2, 3
Suppose 0*p - 4*p + 8 = 0. Suppose 6 = 4*z + p. Suppose 4*n = g + 10, n + 4*g + z = -5. List the prime factors of n.
2
Suppose 0 = -a - 3*y + 8 - 1, -5*a - 7 = y. Let x be ((-51)/(-9))/(a/(-6)). Suppose t - 23 = -5*g, 0*g - 5*g - x = -4*t. List the prime factors of t.
2
Let h = 60 - -13. What are the prime factors of h?
73
Let j be -1 + (7 - (4 - 2)). Let i = j - 7. Let r = 6 - i. List the prime factors of r.
3
Let x(i) = -8 + 2*i**2 - 14*i - 4*i**2 - 12*i**2 - i**3. Let h be x(-13). Suppose 2*r = p - 4*p + 26, -h*p = -20. What are the prime factors of r?
7
Let l(f) = -5*f**3 - 2*f**2 - 4*f - 2. List the prime factors of l(-2).
2, 19
Let z(m) = 5*m. Let o be z(1). Suppose -18 = -o*p - 68. Let c = p - -22. List the prime factors of c.
2, 3
Suppose -3*i - 9 = -0*i. Let d = 0 - 14. What are the prime factors of (i/(6/d))/1?
7
Suppose 3*o - 8*o = 0. List the prime factors of o - -1 - 1 - -11.
11
Suppose o = -0*o. Let g(w) = -w + 24. What are the prime factors of g(o)?
2, 3
List the prime factors of 12/(-10)*280/(-42).
2
Let j = 77 - 77. Let u(x) = 2*x - x**3 - 3*x + 2 + 14 + x**2. List the prime factors of u(j).
2
Let l = 322 - 45. What are the prime factors of l?
277
Let p(n) = -6*n**2 + 7*n - 13. Let h be p(6). What are the prime factors of h/(-5) + 4/(-10)?
37
Let g be (-144)/(-27)*(-9)/(-4). Let w be (24/9)/(1/g). Let p = w - 23. List the prime factors of p.
3
Let l(i) = i**2 + 5*i + 7. Suppose 4*n - k = -1, 2*k - 6*k + 23 = 3*n. Let o be 1*(1 - 5 - n). What are the prime factors of l(o)?
7
Let a(t) = -t**3 + 6*t**2 + t + 1. Let n(h) = h - 3. Let p be n(7). Suppose -q = 5*k - 30, -k + 2 = 2*q - p. List the prime factors of a(k).
7
Suppose 0*a = -a + 20. Suppose -4*k + a = -0*k. Suppose k = 4*n - 3. List the prime factors of n.
2
Let d(f) = 24*f**2 + 2*f + 2. What are the prime factors of d(-1)?
2, 3
Let u be 16/7 - (-6)/(-21). Let b(p) = p**u + p + p**2 - p**2. List the prime factors of b(3).
2, 3
Let v = -27 - -50. What are the prime factors of v?
23
Let u(d) = -d**3 - 5*d**2 + 9*d + 5. Let m be u(-7). Suppose 0 = -2*v - 0*i + 2*i + m, 4*i - 118 = -5*v. List the prime factors of v.
2, 11
Let a be (-1 + -8)*(-4)/3. Suppose -3*s - 9 = 3*d, 2*s + a + 4 = 3*d. List the prime factors of ((-60)/42)/(d/(-14)).
2, 5
What are the prime factors of 64/((-30)/6 + 6)?
2
Let i(d) = -d**2 + 11*d + 8. Let f be i(10). Suppose 0 = -q - o - f, -